oes 25 divide 6437121?
False
Is 11897088 a multiple of 48?
True
Is 655980 a multiple of 377?
True
Is 13 a factor of 7941?
False
Does 206 divide 1990990?
True
Is 46 a factor of 633370?
False
Is 15 a factor of 2159460?
True
Is 74 a factor of 1087134?
True
Does 8 divide 77651?
False
Is 139472 a multiple of 368?
True
Is 50568 a multiple of 147?
True
Is 792428 a multiple of 637?
True
Is 364848 a multiple of 12?
True
Is 10513922 a multiple of 85?
False
Is 342693 a multiple of 29?
True
Does 46 divide 257828?
False
Does 9 divide 642990?
False
Does 210 divide 97041?
False
Does 8 divide 1809284?
False
Is 1086456 a multiple of 24?
True
Does 42 divide 19152?
True
Is 3134526 a multiple of 138?
False
Does 13 divide 73387?
False
Is 21 a factor of 555680?
False
Is 14 a factor of 53536?
True
Is 3 a factor of 105671?
False
Is 2149039 a multiple of 357?
False
Does 6 divide 1243002?
True
Is 1984923 a multiple of 69?
True
Is 6375 a multiple of 7?
False
Does 20 divide 129420?
True
Is 41 a factor of 897572?
True
Does 541 divide 25374432?
False
Is 41830 a multiple of 10?
True
Does 32 divide 144224?
True
Is 993627 a multiple of 423?
True
Is 20299 a multiple of 122?
False
Is 99059 a multiple of 95?
False
Does 14 divide 2156028?
True
Is 66 a factor of 1283653?
False
Does 22 divide 301004?
True
Does 29 divide 7492179?
True
Is 46 a factor of 130364?
True
Does 58 divide 1087217?
False
Is 70 a factor of 8647310?
True
Is 324093 a multiple of 48?
False
Is 64 a factor of 249335?
False
Is 68959 a multiple of 9?
False
Is 39932 a multiple of 67?
True
Is 253947 a multiple of 168?
False
Is 332799 a multiple of 363?
False
Is 162 a factor of 1279476?
True
Is 27 a factor of 113778?
True
Is 3527781 a multiple of 1140?
False
Is 1193942 a multiple of 16?
False
Does 145 divide 4788219?
False
Does 102 divide 2110550?
False
Does 132 divide 16629269?
False
Is 40 a factor of 32280?
True
Does 31 divide 413376?
False
Does 190 divide 4395?
False
Is 18 a factor of 7830?
True
Is 42 a factor of 603792?
True
Does 78 divide 1887747?
False
Is 233060 even?
True
Does 1857 divide 4292109?
False
Is 754 a factor of 11326467?
False
Is 169 a factor of 10332131?
False
Is 7 a factor of 148083?
False
Does 621 divide 2169774?
True
Is 77 a factor of 2494261?
True
Is 100907 a multiple of 18?
False
Does 213 divide 204682?
False
Is 177604 a multiple of 127?
False
Does 4 divide 777660?
True
Is 111 a factor of 161221?
False
Does 459 divide 83079?
True
Is 422994 a multiple of 78?
True
Is 3140512 a multiple of 272?
True
Is 141 a factor of 2943638?
False
Is 1000932 a multiple of 58?
False
Is 3070981 a multiple of 74?
False
Does 47 divide 6241441?
False
Does 48 divide 10700?
False
Is 11 a factor of 7158998?
True
Is 942 a factor of 1924724?
False
Is 3014370 a multiple of 870?
False
Does 6 divide 13824?
True
Is 46 a factor of 5445112?
True
Does 179 divide 3348016?
True
Is 9342487 a multiple of 188?
False
Is 1201 a factor of 6647554?
False
Does 202 divide 12491680?
True
Does 12 divide 1944?
True
Does 20 divide 230532?
False
Is 189280 a multiple of 260?
True
Is 11 a factor of 7798?
False
Does 334 divide 1239140?
True
Is 4 a factor of 90552?
True
Is 21 a factor of 1051026?
False
Is 58840 a multiple of 26?
False
Is 22 a factor of 1260930?
True
Is 6 a factor of 3736043?
False
Is 22 a factor of 17994483?
False
Is 192080 a multiple of 280?
True
Is 274797 a multiple of 7?
False
Is 305834 a multiple of 4?
False
Is 44 a factor of 676135?
False
Does 241 divide 8122?
False
Is 10 a factor of 11094?
False
Is 316 a factor of 552052?
True
Is 150447 a multiple of 47?
True
Is 7853659 a multiple of 401?
False
Does 21 divide 126630?
True
Is 250262 a multiple of 249?
False
Does 114 divide 264708?
True
Is 37886 a multiple of 35?
False
Does 6 divide 9262?
False
Is 2390791 a multiple of 191?
False
Is 2804974 a multiple of 28?
False
Is 303 a factor of 12865534?
False
Is 1632780 a multiple of 239?
False
Does 16 divide 558633?
False
Does 21 divide 6104720?
False
Does 19 divide 7028708?
True
Is 2239578 a multiple of 13?
False
Does 20 divide 189301?
False
Does 62 divide 446152?
True
Is 20 a factor of 26080?
True
Is 63 a factor of 21178?
False
Is 4336094 a multiple of 14?
True
Does 62 divide 417817?
False
Is 102 a factor of 22474986?
True
Does 11 divide 2863278?
True
Is 16 a factor of 901552?
True
Is 97 a factor of 257154?
False
Does 31 divide 162781?
True
Does 97 divide 2514195?
False
Is 53715 a multiple of 192?
False
Is 55738 a multiple of 31?
True
Does 52 divide 478937?
False
Does 60 divide 141120?
True
Is 7 a factor of 3563?
True
Is 895710 a multiple of 146?
True
Is 11063750 a multiple of 10?
True
Does 145 divide 1581742?
False
Is 2739237 a multiple of 92?
False
Does 30 divide 271260?
True
Is 122567 a multiple of 32?
False
Is 121 a factor of 136946?
False
Is 455476 a multiple of 37?
False
Is 122 a factor of 852366?
False
Is 726727 a multiple of 14?
False
Does 9 divide 113247?
True
Is 9 a factor of 485610?
False
Is 236129 a multiple of 58?
False
Is 36 a factor of 2168820?
True
Does 34 divide 5192038?
True
Does 14 divide 885780?
True
Does 2 divide 323543?
False
Is 74 a factor of 22083228?
True
Is 269 a factor of 880975?
True
Is 6032 a multiple of 8?
True
Does 69 divide 323334?
True
Is 4446165 a multiple of 1047?
False
Does 18 divide 64206?
True
Does 89 divide 59639?
False
Is 17030416 a multiple of 41?
True
Does 153 divide 764?
False
Is 62 a factor of 777852?
True
Is 4599045 a multiple of 489?
True
Is 22 a factor of 997486?
False
Is 61 a factor of 8031712?
False
Does 4 divide 364500?
True
Is 788619 a multiple of 73?
True
Is 115 a factor of 198145?
True
Does 361 divide 215306?
False
Is 2485300 a multiple of 86?
False
Is 5 a factor of 5821585?
True
Does 107 divide 14162?
False
Does 58 divide 2085863?
False
Is 246064 a multiple of 104?
True
Does 50 divide 26018?
False
Is 45970 a multiple of 25?
False
Does 16 divide 2720910?
False
Is 111073 a multiple of 20?
False
Does 113 divide 245210?
True
Is 155186 a multiple of 391?
False
Is 4 a factor of 145520?
True
Is 502093 a multiple of 24?
False
Does 17 divide 1643036?
False
Does 28 divide 304556?
True
Does 157 divide 154174?
True
Does 144 divide 372319?
False
Does 15 divide 105826?
False
Does 99 divide 211959?
True
Is 97 a factor of 20381?
False
Is 1694518 a multiple of 304?
False
Is 736515 a multiple of 65?
True
Is 121 a multiple of 5?
False
Is 10 a factor of 57736?
False
Does 3 divide 705?
True
Is 55176 a multiple of 66?
True
Is 1457937 a multiple of 153?
True
Is 17 a factor of 6603667?
True
Does 7 divide 2786000?
True
Is 195 a factor of 1447727?
False
Is 32916 a multiple of 69?
False
Does 26 divide 2138007?
False
Does 6 divide 5098348?
False
Is 360 a factor of 181440?
True
Does 4 divide 15?
False
Is 3616546 a multiple of 289?
True
Is 157 a factor of 4240649?
False
Is 3851476 a multiple of 312?
False
Does 33 divide 24024?
True
Is 39 a factor of 2364804?
True
Does 1266 divide 2172456?
True
Does 2 divide 1054777?
False
Does 11 divide 400972?
True
Does 289 divide 824623?
False
Does 432 divide 3627072?
True
Does 38 divide 60084?
False
Is 5495328 a multiple of 18?
True
Is 42608 a multiple of 23?
False
Does 5 divide 45848?
False
Does 75 divide 2056812?
False
Is 137 a factor of 659244?
True
Is 130 a factor of 552675?
False
Is 499 a factor of 13388004?
False
Is 165 a factor of 1561560?
True
Is 52 a factor of 5263284?
True
Does 34 divide 107423?
False
Is 114 a factor of 1396234?
False
Is 25 a factor of 268629?
False
Is 314187 a multiple of 2?
False
Is 130 a factor of 1018550?
True
Is 11 a factor of 1813464?
False
Is 479603 a multiple of 108?
False
Does 8 divide 743558?
False
Is 8858190 a multiple of 24?
False
Is 425734 a multiple of 140?
False
Is 902540 a multiple of 4?
True
Does 430 divide 1035870?
True
Does 87 divide 19928382?
False
Does 44 divide 142824?
True
Does 308 divide 10383673?
False
Does 90 divide 446136?
False
Is 12731 a multiple of 6?
False
Is 18721692 a multiple of 306?
True
Does 3 divide 15792?
True
Is 73440 a multiple of 37?
False
Is 17112870 a multiple of 135?
True
Is 843624 a multiple of 66?
False
Is 105 a factor of 747780?
False
Is 8 a factor of 12096?
True
Is 515105 a multiple of 355?
True
Is 414600 a multiple of 15?
True
Is 43 a factor of 444557?
False
Is 6837796 a multiple of 46?
False
Is 94